.
8
What is the remainder when 9750 is divided by 18?
12
What is the remainder when 259 is divided by 42?
7
Calculate the remainder when 1459 is divided by 729.
1
Calculate the remainder when 4961 is divided by 992.
1
What is the remainder when 724 is divided by 122?
114
Calculate the remainder when 337 is divided by 15.
7
Calculate the remainder when 298 is divided by 104.
90
Calculate the remainder when 90 is divided by 31.
28
What is the remainder when 1934 is divided by 88?
86
Calculate the remainder when 616 is divided by 92.
64
Calculate the remainder when 508 is divided by 360.
148
What is the remainder when 141 is divided by 21?
15
Calculate the remainder when 451 is divided by 76.
71
What is the remainder when 598 is divided by 39?
13
What is the remainder when 114 is divided by 36?
6
Calculate the remainder when 84 is divided by 20.
4
What is the remainder when 557 is divided by 40?
37
Calculate the remainder when 324 is divided by 176.
148
Calculate the remainder when 399 is divided by 13.
9
What is the remainder when 359 is divided by 40?
39
Calculate the remainder when 96 is divided by 35.
26
What is the remainder when 1727 is divided by 133?
131
Calculate the remainder when 15 is divided by 2.
1
Calculate the remainder when 1540 is divided by 503.
31
Calculate the remainder when 49 is divided by 5.
4
Calculate the remainder when 987 is divided by 76.
75
Calculate the remainder when 475 is divided by 249.
226
Calculate the remainder when 1438 is divided by 48.
46
Calculate the remainder when 653 is divided by 170.
143
Calculate the remainder when 482 is divided by 69.
68
What is the remainder when 182 is divided by 58?
8
Calculate the remainder when 8995 is divided by 4.
3
Calculate the remainder when 163 is divided by 54.
1
What is the remainder when 101 is divided by 26?
23
What is the remainder when 56 is divided by 30?
26
What is the remainder when 272 is divided by 39?
38
Calculate the remainder when 4747 is divided by 190.
187
Calculate the remainder when 41274 is divided by 17.
15
Calculate the remainder when 190 is divided by 16.
14
Calculate the remainder when 98 is divided by 34.
30
Calculate the remainder when 444 is divided by 16.
12
What is the remainder when 231 is divided by 79?
73
What is the remainder when 20 is divided by 15?
5
What is the remainder when 727 is divided by 56?
55
What is the remainder when 6866 is divided by 24?
2
What is the remainder when 1611 is divided by 31?
30
Calculate the remainder when 115 is divided by 31.
22
What is the remainder when 57 is divided by 10?
7
What is the remainder when 303 is divided by 34?
31
What is the remainder when 521 is divided by 147?
80
What is the remainder when 406 is divided by 23?
15
What is the remainder when 1895 is divided by 471?
11
Calculate the remainder when 3135 is divided by 28.
27
Calculate the remainder when 1250 is divided by 308.
18
Calculate the remainder when 8468 is divided by 121.
119
What is the remainder when 95 is divided by 37?
21
Calculate the remainder when 379 is divided by 96.
91
What is the remainder when 1963 is divided by 15?
13
What is the remainder when 142 is divided by 73?
69
Calculate the remainder when 90 is divided by 24.
18
What is the remainder when 288 is divided by 10?
8
What is the remainder when 97 is divided by 90?
7
Calculate the remainder when 186 is divided by 17.
16
What is the remainder when 247 is divided by 26?
13
What is the remainder when 1649 is divided by 26?
11
Calculate the remainder when 157 is divided by 43.
28
What is the remainder when 261 is divided by 51?
6
Calculate the remainder when 122 is divided by 33.
23
What is the remainder when 728 is divided by 73?
71
What is the remainder when 122 is divided by 66?
56
Calculate the remainder when 404 is divided by 82.
76
Calculate the remainder when 558 is divided by 20.
18
Calculate the remainder when 408 is divided by 17.
0
What is the remainder when 79 is divided by 16?
15
What is the remainder when 90 is divided by 56?
34
What is the remainder when 136 is divided by 38?
22
Calculate the remainder when 220 is divided by 49.
24
What is the remainder when 853 is divided by 844?
9
What is the remainder when 17339 is divided by 68?
67
What is the remainder when 394 is divided by 36?
34
What is the remainder when 4227 is divided by 249?
243
What is the remainder when 3207 is divided by 445?
92
What is the remainder when 102 is divided by 7?
4
Calculate the remainder when 475 is divided by 68.
67
Calculate the remainder when 339 is divided by 2.
1
What is the remainder when 40558 is divided by 60?
58
Calculate the remainder when 234 is divided by 72.
18
Calculate the remainder when 373 is divided by 92.
5
What is the remainder when 768 is divided by 157?
140
What is the remainder when 6694 is divided by 77?
72
Calculate the remainder when 1016 is divided by 331.
23
Calculate the remainder when 31 is divided by 24.
7
Calculate the remainder when 26 is divided by 20.
6
What is the remainder when 24100 is divided by 206?
204
What is the remainder when 757 is divided by 7?
1
What is the remainder when 934 is divided by 117?
115
Calculate the remainder when 5 is divided by 1.
0
What is the remainder when 195 is divided by 2?
1
What is the remainder when 141 is divided by 28?
1
Calculate the remainder when 1403 is divided by 454.
41
Calculate the remainder when 214 is divided by 55.
49
Calculate the remainder when 180 is divided by 53.
21
What is the remainder when 2117 is divided by 15?
2
What is the remainder when 9814 is divided by 24?
22
Calculate the remainder when 1861 is divided by 81.
79
What is the remainder when 1868 is divided by 17?
15
What is the remainder when 411 is divided by 47?
35
What is the remainder when 11 is divided by 3?
2
What is the remainder when 70 is divided by 53?
17
Calculate the remainder when 10 is divided by 2.
0
What is the remainder when 232 is divided by 219?
13
Calculate the remainder when 35070 is divided by 128.
126
Calculate the remainder when 190 is divided by 42.
22
What is the remainder when 959 is divided by 74?
71
What is the remainder when 142 is divided by 36?
34
What is the remainder when 2455 is divided by 32?
23
What is the remainder when 113 is divided by 58?
55
What is the remainder when 377 is divided by 44?
25
Calculate the remainder when 491 is divided by 97.
6
What is the remainder when 304 is divided by 59?
9
Calculate the remainder when 1075 is divided by 359.
357
What is the remainder when 59 is divided by 34?
25
What is the remainder when 530 is divided by 54?
44
What is the remainder when 1480 is divided by 1474?
6
What is the remainder when 2614 is divided by 853?
55
Calculate the remainder when 129 is divided by 26.
25
What is the remainder when 4135 is divided by 27?
4
Calculate the remainder when 1242 is divided by 25.
17
What is the remainder when 733 is divided by 53?
44
Calculate the remainder when 385 is divided by 350.
35
Calculate the remainder when 488 is divided by 127.
107
Calculate the remainder when 229 is divided by 99.
31
Calculate the remainder when 329 is divided by 190.
139
What is the remainder when 998 is divided by 167?
163
Calculate the remainder when 10935 is divided by 31.
23
Calculate the remainder when 780 is divided by 236.
72
Calculate the remainder when 4 is divided by 1.
0
What is the remainder when 35633 is divided by 118?
115
What is the remainder when 422 is divided by 37?
15
Calculate the remainder when 7489 is divided by 14.
13
Calculate the remainder when 136 is divided by 83.
53
What is the remainder when 1583 is divided by 18?
17
Calculate the remainder when 127 is divided by 13.
10
Calculate the remainder when 1273 is divided by 11.
8
Calculate the remainder when 76 is divided by 21.
13
What is the remainder when 48 is divided by 7?
6
What is the remainder when 457 is divided by 92?
89
Calculate the remainder when 31 is divided by 11.
9
What is the remainder when 272 is divided by 23?
19
Calculate the remainder when 474 is divided by 125.
99
Calculate the remainder when 378 is divided by 76.
74
Calculate the remainder when 222 is divided by 57.
51
Calculate the remainder when 970 is divided by 25.
20
Calculate the remainder when 190 is divided by 13.
8
Calcu